, what is -11102331 + 1?
-11102330
In base 12, what is -30 - -420?
3b0
In base 6, what is -34 - 1012340?
-1012414
In base 13, what is -2a9295 + -1?
-2a9296
In base 7, what is 1161414 + 21?
1161435
In base 10, what is -53110 - -3?
-53107
In base 7, what is 5 + -34421?
-34413
In base 8, what is -264 + 255?
-7
In base 12, what is -5b7 + 29?
-58a
In base 12, what is -817 + -415?
-1030
In base 5, what is 10112 + -2120?
2442
In base 11, what is 427 - 271?
166
In base 15, what is -34d + -a?
-358
In base 14, what is -3 - d9bd?
-d9c2
In base 12, what is -685 - 3?
-688
In base 6, what is -32 - -31541?
31505
In base 14, what is 126cb - -11?
126dc
In base 15, what is 172ae - 1?
172ad
In base 6, what is 2044 + 220?
2304
In base 3, what is -11 + -1002020000002?
-1002020000020
In base 15, what is ec21 + -4?
ec1c
In base 14, what is -2c5 + 8aa?
5c5
In base 7, what is 44302 + -15?
44254
In base 5, what is 1 + -214044432?
-214044431
In base 11, what is 49a83 - 0?
49a83
In base 13, what is -8 - 29111?
-29119
In base 15, what is 114e9 + 3?
114ec
In base 14, what is 61 + 5?
66
In base 11, what is -14280 - 59?
-14329
In base 15, what is 1a47 - -1b?
1a63
In base 12, what is -337b4 - 8?
-33800
In base 4, what is 11 + -110333?
-110322
In base 3, what is -20122100110 + -111?
-20122100221
In base 9, what is 51840 - 2?
51837
In base 11, what is -1a80 + -92?
-2062
In base 2, what is -11101001010 + -11111000?
-100001000010
In base 3, what is -1 - -202101022?
202101021
In base 12, what is -153 + -17?
-16a
In base 8, what is 1 + 647710?
647711
In base 11, what is -70a56 - 9?
-70a64
In base 7, what is 121 + 3102?
3223
In base 7, what is 20535 - 1011?
16524
In base 12, what is 209 - -1028?
1235
In base 12, what is -bb - 9448?
-9547
In base 11, what is 6 + -23a73?
-23a68
In base 7, what is 4 + -32631?
-32624
In base 11, what is -14847 + 3?
-14844
In base 15, what is 3314 - 28?
32db
In base 8, what is 5 - -215160?
215165
In base 14, what is -119029 + -3?
-11902c
In base 15, what is 6b7 - -8?
6c0
In base 12, what is 6 + -39a4?
-399a
In base 3, what is -11221022012200 - 0?
-11221022012200
In base 11, what is 63158 - -2?
6315a
In base 14, what is 203 - 22?
1c1
In base 5, what is -33 + -13120402?
-13120440
In base 4, what is 110 + -131202?
-131032
In base 8, what is 15 - 27524?
-27507
In base 12, what is 366 + -3b3a?
-3794
In base 7, what is 32 - -24343?
24405
In base 5, what is -104132 - 231?
-104413
In base 6, what is 330 + -2241?
-1511
In base 11, what is -112 - -2a5?
193
In base 4, what is 11 - 11302112?
-11302101
In base 11, what is 30 - -30?
60
In base 7, what is -145 - 43?
-221
In base 8, what is -106156 + 75?
-106061
In base 2, what is 100 + 1000111101100101001?
1000111101100101101
In base 11, what is 3 - -3789?
3791
In base 6, what is 13 - -40103?
40120
In base 6, what is -421225 + 2?
-421223
In base 16, what is 48 - 285c?
-2814
In base 9, what is -4 - -4800?
4785
In base 11, what is 120 - 5175?
-5055
In base 9, what is 50748 + 6?
50755
In base 14, what is 203 - 38?
1a9
In base 9, what is -713 - -352?
-351
In base 11, what is -100140 - 2?
-100142
In base 7, what is 26 - 5022?
-4663
In base 11, what is -2 + -34532?
-34534
In base 15, what is -12912 - -1c?
-128e5
In base 16, what is -1f1 + -47f?
-670
In base 4, what is -10000332 + 23?
-10000303
In base 15, what is 13b + -c?
12e
In base 3, what is -112110 - 10022?
-122202
In base 9, what is 5 - 1438388?
-1438383
In base 8, what is -20427 + 10?
-20417
In base 2, what is -101111 + 1101111?
1000000
In base 13, what is 667a + -75?
6605
In base 2, what is -10 - -1101010100101001010?
1101010100101001000
In base 15, what is -17e + 24d?
be
In base 12, what is -21 - a01?
-a22
In base 2, what is -10 + -100011000000001?
-100011000000011
In base 3, what is -2 - 121000210?
-121000212
In base 3, what is -100122210220 - 12?
-100122211002
In base 14, what is -2b7 + 1273?
d9a
In base 8, what is 14111 - -33?
14144
In base 7, what is -11611 - 441?
-12352
In base 2, what is 10001100110010011101000 - -100?
10001100110010011101100
In base 4, what is 1131011 + 111?
1131122
In base 13, what is -32 + -108?
-13a
In base 6, what is -45533034 + 5?
-45533025
In base 6, what is -2553 + -20?
-3013
In base 13, what is -756 + 146?
-610
In base 10, what is 27810 + 5?
27815
In base 8, what is -4 - -1201216?
1201212
In base 12, what is -247578 - -2?
-247576
In base 16, what is 41c - 2f?
3ed
In base 8, what is 716527 - 45?
716462
In base 15, what is -1be - 1b8?
-387
In base 7, what is -42451 + -4?
-42455
In base 12, what is 27b6 + -2?
27b4
In base 9, what is 5445410 + -3?
5445406
In base 16, what is 3045 - -4?
3049
In base 8, what is -15212511 + -1?
-15212512
In base 15, what is -1ed6 - -8?
-1ecd
In base 8, what is -16063 - -14?
-16047
In base 9, what is -2 + -188345?
-188347
In base 6, what is -122514 + -10?
-122524
In base 16, what is -a - f46a?
-f474
In base 12, what is 5a9 + -6?
5a3
In base 13, what is 1332a + 37?
13364
In base 15, what is 5 - -4008?
400d
In base 15, what is 0 + -cc85d?
-cc85d
In base 12, what is a - -1098?
10a6
In base 6, what is 144500 - 1?
144455
In base 4, what is -12312331 - -11?
-12312320
In base 9, what is 334480 - 3?
334476
In base 6, what is 105021 - 31?
104550
In base 9, what is 70 + -545?
-465
In base 10, what is 2090 - 1618?
472
In base 9, what is 308628 - -26?
308655
In base 13, what is -202 + -a5?
-2a7
In base 15, what is -6 + -2607?
-260d
In base 6, what is -2 - -2030503?
2030501
In base 4, what is 1000022231 + 12?
1000022303
In base 5, what is -20 - 231443031?
-231443101
In base 4, what is -23320120 - -212?
-23313302
In base 3, what is -11022 - -11202?
110
In base 15, what is -b - 127?
-133
In base 8, what is 131 - 2154?
-2023
In base 16, what is -5 - 1afe9?
-1afee
In base 12, what is -832 + -2?
-834
In base 16, what is 7a3 + -2?
7a1
In base 4, what is -10 - -1331212300?
1331212230
In base 11, what is -5 - 5854?
-5859
In base 3, what is -111120 - -1020202?
202012
In base 15, what is 11c6 - 2d?
1198
In base 3, what is -1101 + 22010?
20202
In base 7, what is -2330 - 465?
-3125
In base 3, what is 210 + 111021111?
111022021
In base 8, what is -13350 + 1?
-13347
In base 3, what is -1010021022 + -2020?
-1010100112
In base 3, what is -1120021000 + -11?
-1120021011
In base 16, what is 263c - 0?
263c
In base 16, what is 5 + -54aaf?
-54aaa
In base 6, what is -30 - -2101?
2031
In base 10, what is -41629 + -1?
-41630
In base 2, what is -1101001101100 + -1?
-1101001101101
In base 12, what is -13b617 + 1?
-13b616
In base 12, what is -2 - -3430?
342a
In base 12, what is 2665 + 399?
2a42
In base 7, what is 2 - -5036?
5041
In base 6, what is -3120 + 23?
-3053
In base 11, what is 6a01 - 9?
69a3
In base 13, what is 0 - 67aa3?
-67aa3
In base 8, what is 1 + -464474?
-464473
In base 16, what is -5 + 19785?
19780
In base 8, what is 5617 - 13?
5604
In base 13, what is -3b - 4498?
-4506
In base 9, what is -22368 + 7?
-22361
In base 11, what is -2 + -15216?
-15218
In base 6, what is -244214 - 15?
-244233
In base 3, what is 11120211110012 + 11?
11120211110100
In base 8, what is -3 + -3655?
-3660
In base 10, what is 43 - -928?
971
In base 5, what is -10311443 - -4?
-10311434
In base 16, what is -26 + 2bf?
299
In base 10, what is 77147 - -8?
77155
In base 8, what is -676 + -6226?
-7124
In base 13, what is -42 + 1279?
1237
In base 16, what is -4 + b5d?
b59
In base 16, what is -7 - -9d61?
9d5a
In base 9, what is 6 + 112470?
112476
In base 7, what is -1 + -45335?
-45336
In base 2, what is -101100111000001 - 1?
-101100111000010
In base 7, what is 153646 + -116?
153530
In base 3, what is -1010 + -1022011?
-1100021
In base 16, what is -473d + 3?
-473a
In base 15, what is 3 + 37648?
3764b
In base 13, what is -2 + 1129?
1127
In base 4, what is 2013303 - 110?
2013133
In base 7, what is 1142640 - 0?
1142640
In base 7, what is 3 - 232635?
-232632
In base 11, what is a - -14845?
14854
In base 11, what is 1655865 - 5?
1655860
In base 3, what is 1011 + 111102?
112120
In base 3, what is -2 + -20000021?
-20000100
In base 13, what is -6 - 3504?
-350a
In base 9, what is 105 + 635?
741
In base 10, what is 889 + 827?
1716
In base 12, what is 83211 - -10?
83221
In base 15, what is 176 + 4a?
1c1
In base 5, what is -4 - 1112421?
-1112430
In base 4, what is -1212110 - 131?
